14)?
10
Let g(o) = -10*o**2 + o - 1. Give g(1).
-10
Let o(s) = -s**2 + 72*s + 645. Give o(80).
5
Let k(t) = -8*t. Give k(-4).
32
Let x(n) = -7*n + 5. Give x(4).
-23
Let g(a) = -a**3 + 27*a**2 + a - 32. Calculate g(27).
-5
Let d(k) = k**3 - 3*k**2 - 3*k. Determine d(4).
4
Let c(b) = b**3 + 13*b**2 + 15*b + 44. Give c(-12).
8
Let t(h) = -h**2 - 15*h + 40. Calculate t(-17).
6
Let m(f) = -25*f + 402. Determine m(15).
27
Let r(o) = 5*o**2 + o + 5. Determine r(-4).
81
Let b(g) = 20*g - 113. Give b(6).
7
Let h(g) = g**3 + 9*g**2 + 2*g + 13. Calculate h(-9).
-5
Let l(g) = -16*g + 17. Determine l(2).
-15
Let j(w) = w**3 + 6*w**2 + 5*w - 2. Give j(-4).
10
Let v(j) = -3*j**3 - j**2 - 6*j + 6. Calculate v(1).
-4
Let g(p) = p**2 - 17*p + 39. Determine g(15).
9
Let b(c) = -c - 16. Calculate b(-10).
-6
Let q(m) = -m**2 - 3*m - 9. Calculate q(-6).
-27
Let f(u) = -19*u - 18. Calculate f(-1).
1
Let n(d) = d**3 - 6*d**2 + 2*d + 4. Give n(4).
-20
Let j(h) = -14*h - 1. Calculate j(-2).
27
Let h(k) = k**2 + 9*k + 12. Give h(-10).
22
Let l(p) = p**2 - 7*p + 11. Give l(2).
1
Let v(c) = -2*c**2 - 8*c - 9. Calculate v(-4).
-9
Let t(s) = 2*s**2 + 5*s - 2. What is t(1)?
5
Let z(j) = 5*j**2 + 2*j - 4. Calculate z(-2).
12
Let r(u) = -95*u**3 + 3*u - 3. Determine r(1).
-95
Let j(v) = 6*v**3 - v. What is j(-1)?
-5
Let s(y) = 15*y**3 - 2*y**2 + 2*y - 1. Give s(1).
14
Let h(t) = 15*t - 186. Determine h(12).
-6
Let l(w) = -w**3 - 6*w**2 - 5*w - 2. What is l(-3)?
-14
Let a(f) = -5*f - 13. Determine a(-4).
7
Let x(f) = -f**3 + 9*f**2 - 7*f - 6. Give x(8).
2
Let f(j) = 35*j + 29. Calculate f(-4).
-111
Let p(y) = -86*y + 594. Determine p(7).
-8
Let s(a) = a**3 - 4*a**2 - 8*a + 4. Determine s(5).
-11
Let t(k) = -3*k**2 - 41*k - 8. Give t(-13).
18
Let w(x) = x**3 - x**2 - x - 15. Give w(0).
-15
Let f(w) = -w**2 + 10*w - 10. Give f(6).
14
Let p(g) = -g**3 + 9*g**2 - 3*g + 17. What is p(9)?
-10
Let q(f) = -8*f**3 - f**2 - 2*f + 2. Give q(2).
-70
Let h(a) = 2*a**2 - 15*a + 27. Determine h(8).
35
Let t(s) = -s**3 + 4*s**2 - 2*s - 1. What is t(5)?
-36
Let h(p) = -2*p**2 + 15*p - 39. Give h(6).
-21
Let l(z) = -z**3 - 8*z**2 - 2*z - 6. What is l(-7)?
-41
Let i(c) = -2*c**3 + c**2 + 3*c - 4. Determine i(3).
-40
Let y(t) = -t**3 - 7*t**2 + 10*t - 4. What is y(-8)?
-20
Let h(i) = -i - 2. What is h(0)?
-2
Let n(t) = 7*t**3 + 2*t**2 - 1. Determine n(-1).
-6
Let o(g) = -g**3 - 6*g**2 - 6*g - 5. Determine o(-5).
0
Let x(c) = -10*c + 3. Calculate x(4).
-37
Let t(m) = 2*m + 8. Give t(3).
14
Let d(f) = -4*f**2 + 2*f - 9. Give d(4).
-65
Let h(s) = 3*s - 1. Calculate h(-1).
-4
Let c(s) = 2*s**2 + 23*s + 10. Calculate c(-9).
-35
Let q(l) = -2*l**3 - 52*l**2 + 2*l + 38. Calculate q(-26).
-14
Let n(d) = d**2 + 6*d - 8. Calculate n(-8).
8
Let v(w) = w**3 + 15*w**2 - 3. Calculate v(-15).
-3
Let s(u) = 25*u - 244. What is s(10)?
6
Let i(k) = -2*k**2 + 21*k - 8. Calculate i(10).
2
Let y(l) = l**2 - 5*l + 7. Calculate y(7).
21
Let p(v) = 2*v + 7. What is p(-5)?
-3
Let a(v) = -v**3 - 6*v**2 - 11*v - 56. What is a(-6)?
10
Let c(m) = m**2 - 27*m + 118. Determine c(22).
8
Let q(c) = -c**3 + 32*c**2 + 38*c - 178. Give q(33).
-13
Let k(i) = 7*i**2 - 5*i + 3. What is k(2)?
21
Let h(m) = 3*m**2 - m - 4. Determine h(0).
-4
Let c(x) = x**3 + 2*x**2 + 2. What is c(-3)?
-7
Let m(s) = 2*s**2 + 84*s + 72. Give m(-41).
-10
Let s(n) = -2*n**2 + 6*n + 13. Give s(6).
-23
Let t(a) = 3*a + 2. Calculate t(7).
23
Let n(f) = f**3 + f**2 + 4*f - 6. Calculate n(1).
0
Let o(h) = -h**3 - 21*h**2 - 21*h - 28. Calculate o(-20).
-8
Let r(n) = -3*n - 11. What is r(3)?
-20
Let b(k) = -k**2 + 3*k. Calculate b(5).
-10
Let y(d) = -4*d - 21. What is y(-25)?
79
Let z(u) = -9*u - 29. Calculate z(-3).
-2
Let a(f) = -f**3 - 12*f**2 - 9*f + 25. Calculate a(-11).
3
Let m(y) = y**3 + 9*y**2 + 12*y - 2. Give m(-5).
38
Let h(a) = 2*a**3 + a**2. Calculate h(-1).
-1
Let k(d) = d**2 + 8*d - 17. Calculate k(-8).
-17
Let s(k) = 2*k**2 + 2*k - 7. Give s(-4).
17
Let s(v) = v - 6. Give s(11).
5
Let r(j) = -36*j. Determine r(1).
-36
Let l(z) = z**2 - 5*z - 11. Determine l(8).
13
Let h(i) = -i**3 - 12*i**2 + 15*i + 12. What is h(-13)?
-14
Let d(u) = 19*u - 5. What is d(-5)?
-100
Let k(s) = s**3 + 5*s**2 + s - 7. Determine k(-4).
5
Let o(f) = 2*f - 28. Calculate o(4).
-20
Let n(w) = w + 1. Give n(-8).
-7
Let q(l) = 2*l**2 + 5*l. Give q(-2).
-2
Let p(g) = g**3 + 5*g**2 - g + 3. Calculate p(-5).
8
Let v(d) = -d**3 + 15*d**2 - 14. What is v(15)?
-14
Let j(v) = -v**3 - 51*v**2 - 50*v + 7. What is j(-50)?
7
Let s(d) = -d**2 + 19*d + 4. Calculate s(4).
64
Let s(g) = 7*g + 37. Give s(-2).
23
Let p(z) = -z**3 - 4*z**2 - 5. What is p(-4)?
-5
Let k(h) = -2*h**2 + h. Calculate k(3).
-15
Let w(p) = -2*p + 19. Calculate w(7).
5
Let y(m) = 13*m**3 - 5*m**2 + m + 1. Calculate y(1).
10
Let u(i) = i + 10. What is u(-3)?
7
Let x(m) = m**2 + 14*m - 12. Calculate x(-14).
-12
Let d(y) = 8*y - 1. Calculate d(-4).
-33
Let y(t) = -2*t**3 + 6*t**2 - 3*t - 2. Give y(4).
-46
Let a(g) = 23*g**3 - 1. Calculate a(-1).
-24
Let v(x) = 11*x + 1. Give v(-4).
-43
Let r(s) = -6*s - 8. What is r(-6)?
28
Let q(i) = i**2 - 10*i - 10. Determine q(11).
1
Let d(r) = -2*r - 71. What is d(-16)?
-39
Let q(j) = j**3 - 8*j**2 + 10*j - 3. Determine q(5).
-28
Let b(s) = -2*s**2 - 83*s + 50. Calculate b(-42).
8
Let b(c) = -c**2 + 3*c + 1. Determine b(-7).
-69
Let p(n) = -n**3 - 10*n**2 - 6*n - 6. Calculate p(-10).
54
Let p(h) = 2*h - 23. Determine p(9).
-5
Let z(k) = k**2 - 8*k + 33. What is z(7)?
26
Let y(o) = -o**2 - 13*o + 368. Calculate y(-27).
-10
Let x(s) = 5*s**3 + 4*s**2 + s - 2. What is x(-2)?
-28
Let m(w) = -16*w - 16. Determine m(-2).
16
Let w(l) = -29*l**3. Give w(1).
-29
Let n(a) = -a - 19. Determine n(-13).
-6
Let x(q) = q**2 - 8*q - 36. Give x(-6).
48
Let m(r) = -r - 22. Give m(-9).
-13
Let x(l) = 8*l - 1. Calculate x(-6).
-49
Let s(w) = 23*w - 170. Calculate s(7).
-9
Let w(i) = i - 35. Calculate w(9).
-26
Let z(b) = 5*b**3 - b**2 + b. What is z(-2)?
-46
Let y(f) = -9*f - 55. Give y(-6).
-1
Let x(g) = g**3 - g + 5. Give x(-4).
-55
Let x(b) = 203*b + 410. Give x(-2).
4
Let f(n) = -35*n + 77. Give f(2).
7
Let j(a) = 29*a - 21. Calculate j(5).
124
Let s(j) = -j**2 - 18*j + 42. What is s(-20)?
2
Let x(m) = m**3 - 5*m**2 + m + 2. What is x(6)?
44
Let d(i) = -3*i**2 - 11*i - 1. Give d(-5).
-21
Let d(x) = -x**3 + 7*x**2 - 3*x + 16. Calculate d(6).
34
Let y(b) = -2*b + 7. Give y(5).
-3
Let c(u) = -u**3 - 7*u**2 + u - 57. What is c(-8)?
-1
Let b(f) = -3*f**2 - 4*f + 7. Calculate b(-3).
-8
Let h(k) = -10*k**2 + 8*k - 16. What is h(2)?
-40
Let z(f) = f**3 + 7*f**2 + 8*f - 2. What is z(-6)?
-14
Let f(c) = -13*c - 22. What is f(-4)?
30
Let y(x) = 3*x - 2. Determine y(1).
1
Let y(j) = 11*j + 12. Give y(3).
45
Let n(v) = 6*v**2 + 4*v + 5. What is n(-1)?
7
Let a(y) = -3*y**2 - 2*y + 3. Calculate a(-3).
-18
Let j(l) = 26*l**3 + 2*l**2 - 4*l + 2. What is j(1)?
26
Let d(w) = w**2 + 19*w + 54. Determine d(-16).
6
Let v(f) = f**2 - 24*f - 327. What is v(-10)?
13
Let l(k) = -k - 4. Calculate l(0).
-4
Let t(a) = -a**3 - a**2 - 5*a - 20. Calculate t(0).
-20
Let u(l) = -l - 3. What is u(-1)?
-2
Let n(y) = y - 14. Determine n(11).
-3
Let f(y) = 5*y**2 + 2*y + 1. Calculate f(-1).
4
Let c(a) = 4*a**2 - 6*a + 4. What is c(2)?
8
Let k(x) = x**2 + 7*x - 27. Give k(-11).
17
Let z(l) = -l**3 - 10*l**2 + 24*l - 3. Determine z(-12).
-3
Let a(k) = -2*k**2 + 2*k - 5. Determine a(-4).
-45
Let k(s) = -s**3 + 4*s**2 + 2*s + 3. Give k(5).
-12
Let t(i) = -2*i**2 - 4*i + 1. What is t(0)?
1
Let v(p) = p**3 + 14*p**2 + 13*p + 3. Calculate v(-13).
3
Let u(n) = n**3 + 5*n**2 + 4*n - 9. Calculate u(-4).
-9
Let a(d) = 37*d - 3. What is a(2)?
71
Let v(p) = p**3 - 2*p**2 - 2*p + 7. What is v(6)?
139
Let b(y) = y + 2. What is b(-11)?
-9
Let h(y) = y**2 + 15*y - 13. Determine h(-14).
-27
Let r(s) = -98*s + 405. Calculate r(4).
13
Let l(t) = 2*t - 9. What is l(6)?
3
Let v(o) = -4*o**2 - 3*o + 9. What is v(-3)?
-18
Let d(p) = -p + 2. Calculate d(-7).
9
Let w(x) = 2*x**2 - 6*x. What is w(4)?
8
Let t(v) = v**3 + 3*v**2 - 5. Calculate t(-4).
-21
Let c(g) = 4*g - 45. Determine c(-15).
-105
Let p(x) = x**3 - 6*x**2 + 9*x - 5. Calculate p(4).
-1
Let z(r) = 2*r**3 - 6*r**2 + 2*r + 3. What is z(4)?
43
Let w(l) = l**3 - 6*l**2 + 11*l - 20. Give w(5).
10
Let